at are the prime factors of d?
5, 229
Suppose 0 = 2*f - 10*f + 16. Suppose 1 = p + f. Let d(o) = -11*o**3 + o**2 - 1. List the prime factors of d(p).
11
Suppose 5*i - 790 = -5*n, 0 = -28*i + 24*i - 5*n + 634. Let z = -24 - -56. Suppose 2*h - z = i. List the prime factors of h.
2, 47
Let y = 7126 + -3386. Suppose -50*g - y = -55*g. What are the prime factors of g?
2, 11, 17
Suppose 5*d = 5*t + 100195, -20060 = -d + 272*t - 274*t. List the prime factors of d.
2, 3, 13, 257
Suppose -5*p + 9604 = -19*p. Let b = 1643 + p. List the prime factors of b.
3, 11, 29
Let x(h) = -h**2 + 47*h + 47. Let w be x(48). Let n be 8*(-2)/(1 - -1). List the prime factors of (-1)/3*1*(n + w).
3
Suppose 19861 = 11*t + 1260. Suppose -2088 = -4*i + 4*r, 3*i + 126 = 2*r + t. What are the prime factors of i?
521
Let g(l) = 5853*l + 494. What are the prime factors of g(7)?
5, 8293
Let y be -13 + 0/1 - -1. Suppose -8680 = 74*f + 45*f + 3339. Let s = y - f. What are the prime factors of s?
89
Let f = 478 + -486. List the prime factors of -29*(-2 - 8/f).
29
Let u(i) = -1536*i - 492. List the prime factors of u(-5).
2, 3, 599
Let o(q) = 32*q - 152. Let i be o(5). What are the prime factors of i/108 - (-184058)/378?
487
Let z(i) = i**3 - 19*i**2 + 43*i - 88. What are the prime factors of z(22)?
2, 3, 5, 7, 11
Let z(m) = -m**2 + 31. Let a be z(5). Let g(q) = q + 4. Let r be g(a). What are the prime factors of (-13 + 8)*(-432)/r?
2, 3
Let a(o) = -18 - 28*o + 5 + 5 - 10 - o**2 + 6*o**2. List the prime factors of a(13).
463
Let s = -709 - -1243. Suppose 0*n - 2*n = 4*d - s, n - d = 267. What are the prime factors of n?
3, 89
Suppose -66*s + 15*s + 329103 = 0. List the prime factors of s.
3, 239
Suppose -3*n + 7*j - 2*j = -4, -10 = 4*n + j. Let a be n/(-2*2/100). List the prime factors of 488/10 - (-10)/a.
7
Suppose -3*o + 47004 = -139*r + 137*r, -2*o - 2*r + 31326 = 0. List the prime factors of o.
2, 3, 7, 373
Suppose -3*m - 9 = 0, 0*w - 5*m - 79 = 4*w. Let y(z) = z**3 + 15*z**2 - 15*z + 16. Let o be y(w). Suppose o = 6*r - 1582 + 190. What are the prime factors of r?
2, 29
Let b be (-4)/(-10) + (-486)/(-135). Suppose 10*i + b*i = 5740. What are the prime factors of i?
2, 5, 41
Let t(h) be the first derivative of 7*h**3 - 24*h**2 - 27*h + 26. What are the prime factors of t(-6)?
3, 113
Suppose 0 = -t + 5*x + 1000, -5*t + 4443 + 465 = -2*x. Suppose -982*s = -t*s - 2280. What are the prime factors of s?
2, 3, 5, 19
Suppose -29*c - 18*c = -45065 - 25905. What are the prime factors of c?
2, 5, 151
Suppose 18*v - 65 = 5*v. Let p(u) = -3*u - 14. Let g be p(-6). Suppose 4*d = v*b + 131 - 453, 0 = 2*b - g*d - 124. What are the prime factors of b?
2, 3, 11
Let s(w) = 655*w + 96. List the prime factors of s(6).
2, 3, 11, 61
Suppose -2*v + 4*n + 3908 = -1512, 0 = 5*v - n - 13550. List the prime factors of v.
2, 5, 271
Let a be 3 + (3 - 0) + (0 - 1). Suppose h - a*o - 19 = 0, -h + o + 1 = -2. List the prime factors of (-206)/(-3) + h/(-3).
3, 23
Let r(f) = -f - 1. Let d be r(-3). Suppose 8*t - 750 = d*t. Let c = t - 74. List the prime factors of c.
3, 17
Suppose -2*t - 14 = 4. List the prime factors of (-80)/360 + (9940/t)/(-2).
2, 3, 23
Let t be 25/10*48/(-30). What are the prime factors of t + 2 + (1 - -1625)?
2, 7, 29
Let n(t) = 1393*t**2 - t - 8. What are the prime factors of n(-3)?
2, 13, 241
Suppose 13*s - 9*o + 17705 = 14*s, 4*o = -4*s + 71012. List the prime factors of s.
7, 43, 59
Suppose -10*a = -5*a - 1710. Let h = 782 - a. Suppose -22*m = -17*m - h. What are the prime factors of m?
2, 11
Suppose 94*l - 131*l = -444. Suppose -2*g + 4 = -4*g. Let o = l + g. List the prime factors of o.
2, 5
List the prime factors of (-3260)/5705 - (0 - (-99488)/(-7)).
2, 11, 17, 19
Suppose 2*g + 3*l = -0 + 13, 5*l = 5. Suppose g*y + 8*y = 26. Suppose -720 = -4*c + y*x, 5*c - 3*x - 716 = 184. List the prime factors of c.
2, 3, 5
Let a(z) = 347*z + 556. List the prime factors of a(14).
2, 2707
Let y = 70 - 66. Suppose 0 = -y*m - m + m. Suppose m = -30*z + 34*z - 380. What are the prime factors of z?
5, 19
Let i = -4287 + 12346. List the prime factors of i.
8059
Let k(o) = 2*o**3 - 8*o**2 - 6*o + 20. Let b be k(6). Suppose -l - 5*j + 399 = l, 4*l = -5*j + 773. Let w = l - b. What are the prime factors of w?
59
Suppose 3*u = 45*i - 47*i + 39526, -i - 39538 = -3*u. What are the prime factors of u?
2, 11, 599
Let d(s) = 37*s**2 + 3*s + 113. Let j be d(-11). Suppose 0 = x + 30*x - j. List the prime factors of x.
3, 7
Let r = 173 + -103. Let o = 78 - r. List the prime factors of (o/6 + 4/(-12))*157.
157
Let c(n) = 6*n**2 - 29*n + 112. Let y be (-5)/(-2) - (86/(-4) + 7). What are the prime factors of c(y)?
3, 11, 41
Suppose -17828887 = 134*u - 663*u. What are the prime factors of u?
33703
Suppose 701 = -4*x + 125. Let v be x + ((0 + 0)/(-2) - -1). Let s = -68 - v. List the prime factors of s.
3, 5
Let c = -382 - -1017. Suppose -4*l - 2 = 18, 4*p = 3*l + c. What are the prime factors of p?
5, 31
Let m(z) = -9308*z + 1457. What are the prime factors of m(-3)?
11, 2671
Suppose -11190 = -2*h - z + 14217, 25411 = 2*h - 3*z. Suppose 20*k = 24*k - h. List the prime factors of 0 + (k/28 - (-8)/14).
2, 3, 19
Suppose 5*y = -3*l + 37, -4*l = -5*y + 7 + 2. Suppose -y*r = -r - 16, 0 = -2*v + 5*r - 4. List the prime factors of v/((-32)/(-6))*62.
3, 31
Let r = -13746 - -28992. What are the prime factors of r?
2, 3, 7, 11
Let d(i) be the third derivative of i**5/60 - 7*i**4/8 - 5*i**3/6 - 8*i**2 - 6*i. List the prime factors of d(27).
157
Let y be (72 - (-2 + 4)) + 3. Let v = 198 + y. Suppose -4*o - 3 = -v. What are the prime factors of o?
67
Suppose -16*u + 976 = -8*u. Let k = u + 294. Let t = k + -167. List the prime factors of t.
3, 83
Suppose -2*j + 3*r - 5*r = 0, 0 = -5*j + 3*r - 16. Let b(o) = -78*o - 1. Let t be b(j). Let m = -72 + t. What are the prime factors of m?
83
Let i(y) = -2*y**2 - 15*y + 421. List the prime factors of i(11).
2, 7
Suppose 47*r - 316806 = 27876 + 257388. List the prime factors of r.
2, 3, 5, 7, 61
Let b be (115/10 + -4)*(-4)/(-3). Suppose -b*s + 902 + 818 = 0. List the prime factors of s.
2, 43
Let f(p) be the third derivative of p**6/60 - p**5/4 + 11*p**4/24 - 21*p**3/2 - 49*p**2 + 1. What are the prime factors of f(12)?
3, 5, 7, 13
Let w be 11/(-3) - (-80)/120. Let m(n) = 99*n**2 + 11*n + 30. List the prime factors of m(w).
2, 3, 37
Suppose -6*b + 169 = 25. Let z = b + -12. What are the prime factors of -6*(2*(-3)/z - 6)?
3, 13
Suppose -s = 5*l - 3, 7 = -3*l + 3*s - 2. Suppose 0 = -4*c - 2*y + 522, c - 2*y - 60 - 73 = l. What are the prime factors of c?
131
Suppose 0 = 2*n + 3*v + 6, -6 = 5*n + 3*v. Let a(p) = 17*p + 242. What are the prime factors of a(n)?
2, 11
Let z be (1/(-1)*4)/((-38)/2375). Suppose -3*a = 3*v + 726, -v - 4*a = a + z. What are the prime factors of 18/99 + v/(-11)?
2, 11
Suppose -31192 = -3*u + u + 4*n, -5*n = 10. What are the prime factors of u?
2, 1949
Suppose -p - 16 = -18. Let n be 0/(-2)*(-4 + 9/p). Suppose -4*r + 314 + 254 = n. List the prime factors of r.
2, 71
Let u(q) be the third derivative of 1/120*q**6 + 0*q + 0 - q**3 + 1/8*q**4 + 5*q**2 + 3/20*q**5. List the prime factors of u(-7).
71
Let n be 16/6 - (-6 + (-102)/(-18)). Suppose -n*d + 43 = g, 3*d - 111 = -2*g - 16. Suppose l = 4*w - 186, 4*l = -3*w + 78 + g. List the prime factors of w.
2, 23
Let b(f) = -f**3 - 2*f**2 - 2*f - 2. Let q be (-30)/(-70) - (-48)/(-14). Let y be b(q). Suppose -8*u - 225 = -y*u. List the prime factors of u.
3, 5
Let q = 47128 + -28921. List the prime factors of q.
3, 7, 17
Let m be 8/12*207 + -5 - 0. Suppose o = 5*i + 4, -3*o + 3*i + 45 = -3. Let r = m - o. List the prime factors of r.
2, 3, 19
Suppose -70*i - 19627 = -73*i - 4*b, 4*i - 3*b = 26161. What are the prime factors of i?
31, 211
Let j(k) = 4*k**2 - 713*k - 169. What are the prime factors of j(-61)?
2, 17, 107
Let l = -1022 - -2334. List the prime factors of l.
2, 41
List the prime factors of (-28)/35 - (113855/70)/((-5)/6).
1951
Let a be 354 + -2 + (-9)/(-3). Suppose -5*m = -6078 + 6063. Suppose -5*t + 5*q = -a, m*t = -2*t + 2*q + 340. List the prime factors of t.
2, 3, 11
Let h = 1114 + 16819. List the prime factors of h.
79, 227
Suppose 0 = -72*z - 123 + 8475. What are the prime factors of z?
2, 29
Let q(h) = 98